 What are the prime factors of o?
73
Let m(f) = -19*f**2 + 26*f + 10. Let g(o) = -9*o**2 + 12*o + 5. Let b(z) = -13*g(z) + 6*m(z). Let l = -14 + 6. List the prime factors of b(l).
11, 17
Suppose 0 = -6*s - 40 + 64. Suppose 2*p = v + 451, -5*p - 446 = -7*p - s*v. What are the prime factors of p?
3, 5
Suppose 0 = -19*l - 88 - 47 - 682. Suppose d + 20 + 45 = 0. Let g = l - d. What are the prime factors of g?
2, 11
Let q(o) = 2*o + 32. Let z be q(-14). Suppose -3*b = b + f + 13, -z*b = -5*f - 17. What are the prime factors of (16/(-10) - b) + (-123)/(-5)?
5
Let m(b) = -2*b**3 - 14*b**2 + 44*b + 10. Let k(n) = -n**3 - 7*n**2 + 21*n + 5. Let t(z) = 5*k(z) - 2*m(z). List the prime factors of t(-9).
2, 7
Suppose 0 = -d + 71 - 69. Suppose d*x = -x + 2*h + 2445, 0 = 5*h - 15. List the prime factors of x.
19, 43
Let d = 25 + -35. Let o be (-2)/4 + ((-735)/d - 3). Suppose 0 = -2*f + o + 46. List the prime factors of f.
2, 29
Let c be (8/12)/(9/(486/12)). List the prime factors of (805 - c)/((-4)/(-5 + -3)).
2, 401
Suppose 3*m + 5*o - 5 = -13, 18 = -3*m - 3*o. Let r(n) = 15*n + 5. Let c be r(m). Let f = c - -363. List the prime factors of f.
7, 29
Suppose 61*g - 424855 = -6*g + 564668. List the prime factors of g.
3, 547
Suppose -3*r - 699 = 501. What are the prime factors of 5/15 + (2 - r/6)?
3, 23
Let f be ((224/10)/7)/(2/10). Suppose -3*t + f = 4. Suppose -s = m + m - 31, -132 = -t*s - 4*m. What are the prime factors of s?
5, 7
Let l be ((-4)/20 + -1)/((-2)/(-10)). Let w be (-4 + 1 + 1)*(-3)/l. What are the prime factors of ((-56)/(-12))/(w/(-30))?
2, 5, 7
Suppose 5*s - 2*z = 26, -5*z = -s + 2*s - 16. Let g = -837 - -853. Suppose 2*k + 3*h = -s, 4*k = 4*h - g + 44. List the prime factors of k.
3
Let z(r) = -r**3 - 12*r**2 + 7*r - 9. Let a be z(-13). Suppose -72*h = -a*h - 237. What are the prime factors of h?
79
Let a be 0 - -2 - (1 - 138). Let m = -240 + a. Let r = m - -151. List the prime factors of r.
2, 5
Let a = 95 + -89. Suppose -a*i = -12*i + 2052. List the prime factors of i.
2, 3, 19
What are the prime factors of 31902*((-14)/(-119) - 1064/(-204) - 5)?
2, 13, 409
Let p(o) = -o**3 - 3*o**2 + 9*o - 5. Let i be p(-5). Suppose i = -7*r + 11*r + 84. Let y = r - -111. List the prime factors of y.
2, 3, 5
Let g(k) = 29*k + 64. Let t = 12 - 4. What are the prime factors of g(t)?
2, 37
Let l(z) = -3*z**2 + 90*z + 32. Let t be l(28). Suppose 326 = 3*c + 5*h, -4*c - 5*h + t = -238. List the prime factors of c.
2, 7
Let a(g) = g**2 + 4*g + 399. Let y be a(0). Let u = y - 274. Suppose n - u = -5*t, n = -3*n + t + 542. List the prime factors of n.
3, 5
Let o = 277 - 169. Let b be o/(-26) + 30/195. List the prime factors of (24/10)/(b - (-1846)/460).
2, 23
Let v(t) = -t**2 + 7*t + 2. Let f be v(5). Let l = f - 28. Let p(r) = -r**3 - 16*r**2 - 11*r + 28. What are the prime factors of p(l)?
2, 3, 17
Suppose -2188878 = -340*x + 3238542. List the prime factors of x.
3, 17, 313
Let s = 6211 + -3837. List the prime factors of s.
2, 1187
Suppose -150*y - 488744 = -1424744. What are the prime factors of y?
2, 3, 5, 13
Let p be 2/5 + -4 + (-196)/(-35). Suppose -p*v - 4*t = -35 - 649, 3*t - 337 = -v. List the prime factors of v.
2, 11
Let a(v) be the first derivative of -3*v**2/2 + 61*v - 2. Suppose 0 = 2*q + 5*d + 5, 0 = 4*q - 7*q - 4*d - 4. List the prime factors of a(q).
61
Suppose -4*s + 3*u + 33 = 0, s + 21 = 3*s - 3*u. Suppose -4*i - s*i + 420 = 0. Suppose -6*m = 3*l - m - i, l - 12 = -m. What are the prime factors of l?
3
Suppose -202*r + 110*r = -108*r + 596608. List the prime factors of r.
2, 59, 79
Let t(l) be the first derivative of 33*l**2/2 - 82*l + 116. List the prime factors of t(13).
347
Let q(j) = 111*j**2 - 9*j - 13. Suppose 17 = -w - 5*t, 4*w + 0*t + t = -11. What are the prime factors of q(w)?
449
Suppose -y = 0, -2*y = w + 4*w - 25. Suppose -5*o - 310 = 3*i - 6*i, 320 = -w*o + 5*i. Let c = -34 - o. List the prime factors of c.
5
Let b = -580 + 1003. List the prime factors of (2 - (-20)/15)/(6/b).
5, 47
Suppose -19*o + 31*o = 0. Suppose 3*g - 4*h - 2392 = o, -g - 5*h + 772 = -0*g. What are the prime factors of g?
2, 3, 11
Suppose 4 = 6*y - 4*y. Let a(h) = h**2 - h + 2. Let d be a(y). Suppose 0 = -d*z - 5*q + 227, q - 44 - 13 = -z. List the prime factors of z.
2, 29
Let x(s) = s**2 + 6*s - 3. Let m be x(-6). Let v(b) = 14*b**2 - b - 3. Let y be v(m). Let n = y - -112. List the prime factors of n.
2, 7, 17
Suppose 0 = 26*v + 92 - 612. Suppose -1420 = 15*o - v*o. List the prime factors of o.
2, 71
Let b be -48 + (32/(-56) - (-50)/14). What are the prime factors of 0 - 2/(-9) - 12230/b?
2, 17
List the prime factors of (828/10)/(288/254340) - 3/4.
2, 3, 7, 1741
Let n = 14 - 9. Suppose 0 = 5*l + 25, 3*x = x - n*l - 21. Suppose -t - 33 = -u - 5*t, 0 = -x*u - 4*t + 66. What are the prime factors of u?
3, 11
Suppose -v = -5*d - 27049 + 2145, -4*d = -v + 24898. List the prime factors of v.
2, 12437
Let s(z) = z**3 - 112*z**2 + 2245*z - 161. What are the prime factors of s(93)?
44293
Suppose 13*t - 4140 = 8*t. Suppose 2*v + y + 617 = -v, -4*y = 4*v + t. Let c = -104 - v. List the prime factors of c.
101
Suppose 2*y - 5*y - 15 = 0, -y = -k + 10. Suppose 5*l = k*j - 5, -l - j = -4*j + 3. Suppose l = 17*t - 14*t - 423. List the prime factors of t.
3, 47
Let d(k) = 331*k - 3596. What are the prime factors of d(43)?
11, 967
Let q(k) = -k**2 + 21*k + 263. Let v be q(-9). List the prime factors of 1841 + 21/v + (1 - -1).
2, 5, 23
Let p be (-160)/(-80) + 2/(2/2). Suppose -2*r + 4*m = -1236, -m - p*m - 1232 = -2*r. What are the prime factors of r?
2, 313
Let y(p) = 3*p - 36. Let o(l) = -1. Let c(b) = -2*o(b) + y(b). Let d be c(12). Suppose x - r = -4*x + 424, -d*x + 4*r = -166. What are the prime factors of x?
5, 17
Suppose 5*n = -g + 25, 8 = -4*g + 2*n - 2. Suppose -12*v + 2000 + 2908 = g. List the prime factors of v.
409
Suppose -2328 = 5*x - 4*f, 2*x + 906 + 39 = -3*f. Let o = x - -162. Let z = -172 - o. List the prime factors of z.
2, 67
Let y = 458 + -497. What are the prime factors of ((-84)/2)/(y/988)?
2, 7, 19
Suppose 2*g + 94178 = -21*g + 322499. List the prime factors of g.
3, 1103
Suppose 3*k - v + 340 = 6*k, 2*k + 5*v = 218. What are the prime factors of 690/(-45)*k/(-4)?
19, 23
Let v(k) = -k**3 - 9*k**2 - k - 5. Let r be v(-9). Let p be 3*((-4 - -1) + r). Suppose 98 = n + 6*x - 11*x, -5*n + 378 = p*x. List the prime factors of n.
2, 3, 13
Let j(b) = b**2 - 10*b + 29. Let d be j(6). Suppose -r + d*a - 7*a + 324 = 0, -4*r = -4*a - 1236. What are the prime factors of r?
2, 157
Suppose -5*i - 3*m - 3287 = 0, -3*i - m = -0*i + 1973. Let z = 211 - i. List the prime factors of z.
11, 79
Let d = -166 - -168. Suppose 2*y = b - 246, -5*b - 990 = -9*b + d*y. What are the prime factors of b?
2, 31
Let y(m) = m**2 + 19*m + 80. Let c be y(-13). Let f(i) be the second derivative of 5*i**3/3 + i**2 + 3*i. What are the prime factors of f(c)?
2, 11
Let i(b) = 3*b**3 + b**2 - 3*b + 3. Let r be i(1). Let x(p) = -10 - 4*p - 71*p + r. What are the prime factors of x(-2)?
2, 3
Suppose -6*d + 2556 + 4260 = 0. Let m = -766 + d. What are the prime factors of m?
2, 5, 37
Suppose -z + 136761 = -50*z + 457074. What are the prime factors of z?
3, 2179
Let i be ((-20)/14)/(1*(-8)/896). Let q(y) = 97*y + 1. Let f be q(1). Let o = i - f. List the prime factors of o.
2, 31
Let f be 26 - (15/5)/(-3). Let m be (f/6)/(-3) - (-6)/4. Suppose 5*h + 5*p - 10 = m, -5*h = -0*p - p - 10. List the prime factors of h.
2
Let c(p) = 15*p + 13*p + 4 - 11*p. Let v be c(5). Suppose -4*t + 131 = -v. List the prime factors of t.
5, 11
Let m be (-51)/(-7) + (-378)/1323. Let y = 16 + -10. Suppose m*r - 84 = y*r. What are the prime factors of r?
2, 3, 7
Let y(g) = -g**2 - 6*g + 16. Let u(x) = -4*x + 28. Let z be u(9). Let c be y(z). Suppose -5*t + 4*t + 2 = c, 3*s = -5*t + 73. What are the prime factors of s?
3, 7
Suppose 0 = h - 0 - 2, 4*x = 3*h + 34. Let g(v) = v + x*v + 4*v**2 - 16*v. List the prime factors of g(6).
2, 3, 19
What are the prime factors of ((-24)/18 - -6)/((-1)/(14865/(-10)))?
7, 991
Let q = -167 + 587. Let s be (6 - 3)*q/9. Suppose 0 = c - 6*c + s. List the prime factors of c.
2, 7
Let t = 213 - 548. Let i(b) = 84*b - 18. Let c be i(6). Let z = c + t. List the prime factors of z.
151
Let